by 27336.
12
Calculate the remainder when 20563 is divided by 5123.
71
What is the remainder when 1873 is divided by 95?
68
What is the remainder when 730688 is divided by 890?
888
Calculate the remainder when 100065 is divided by 73.
55
Calculate the remainder when 4145 is divided by 539.
372
What is the remainder when 479322 is divided by 14?
4
What is the remainder when 95516 is divided by 10?
6
What is the remainder when 10049 is divided by 296?
281
What is the remainder when 751 is divided by 175?
51
Calculate the remainder when 62475 is divided by 470.
435
Calculate the remainder when 5968 is divided by 23.
11
What is the remainder when 11548 is divided by 540?
208
What is the remainder when 5323 is divided by 237?
109
What is the remainder when 3191 is divided by 1311?
569
What is the remainder when 86827 is divided by 196?
195
What is the remainder when 3349 is divided by 48?
37
What is the remainder when 205 is divided by 10?
5
Calculate the remainder when 23681 is divided by 3943.
23
What is the remainder when 8136 is divided by 74?
70
Calculate the remainder when 9240 is divided by 279.
33
What is the remainder when 1375 is divided by 140?
115
Calculate the remainder when 3095 is divided by 125.
95
What is the remainder when 51960 is divided by 2?
0
What is the remainder when 73455 is divided by 24434?
153
What is the remainder when 2677 is divided by 610?
237
What is the remainder when 48198 is divided by 24093?
12
What is the remainder when 95051 is divided by 2318?
13
Calculate the remainder when 125746 is divided by 41.
40
Calculate the remainder when 200213 is divided by 66696.
125
Calculate the remainder when 86062 is divided by 66.
64
What is the remainder when 1619 is divided by 566?
487
Calculate the remainder when 1335 is divided by 13.
9
What is the remainder when 10746751 is divided by 64?
63
Calculate the remainder when 1080 is divided by 131.
32
Calculate the remainder when 74245 is divided by 85.
40
Calculate the remainder when 4516 is divided by 14.
8
What is the remainder when 1472 is divided by 1008?
464
Calculate the remainder when 622957 is divided by 208.
205
What is the remainder when 14948 is divided by 2974?
78
Calculate the remainder when 29034 is divided by 53.
43
What is the remainder when 6215 is divided by 2061?
32
Calculate the remainder when 93740 is divided by 63.
59
Calculate the remainder when 73 is divided by 39.
34
Calculate the remainder when 52094 is divided by 17.
6
Calculate the remainder when 7958 is divided by 144.
38
Calculate the remainder when 2741 is divided by 373.
130
What is the remainder when 191655 is divided by 692?
663
Calculate the remainder when 164684 is divided by 300.
284
What is the remainder when 525931 is divided by 1305?
16
What is the remainder when 763 is divided by 236?
55
Calculate the remainder when 7221 is divided by 200.
21
What is the remainder when 138909 is divided by 15434?
3
Calculate the remainder when 291705 is divided by 97231.
12
Calculate the remainder when 8416 is divided by 19.
18
Calculate the remainder when 61040 is divided by 353.
324
What is the remainder when 65687 is divided by 24?
23
Calculate the remainder when 17000 is divided by 2423.
39
Calculate the remainder when 3059 is divided by 1242.
575
Calculate the remainder when 3417 is divided by 345.
312
Calculate the remainder when 3692 is divided by 370.
362
What is the remainder when 8014 is divided by 476?
398
Calculate the remainder when 618 is divided by 135.
78
Calculate the remainder when 91102 is divided by 9110.
2
Calculate the remainder when 49149 is divided by 16.
13
What is the remainder when 28516 is divided by 50?
16
Calculate the remainder when 851 is divided by 31.
14
Calculate the remainder when 4536 is divided by 38.
14
What is the remainder when 499077 is divided by 40?
37
Calculate the remainder when 3475 is divided by 44.
43
What is the remainder when 562 is divided by 296?
266
Calculate the remainder when 4531 is divided by 3.
1
Calculate the remainder when 15532 is divided by 258.
52
Calculate the remainder when 201064 is divided by 23.
21
What is the remainder when 705045 is divided by 47?
45
What is the remainder when 1832347 is divided by 65?
62
Calculate the remainder when 40518 is divided by 20256.
6
Calculate the remainder when 283 is divided by 36.
31
What is the remainder when 5783 is divided by 2882?
19
What is the remainder when 142489 is divided by 122?
115
What is the remainder when 226810 is divided by 17?
13
Calculate the remainder when 3432 is divided by 12.
0
Calculate the remainder when 3511668 is divided by 201.
198
Calculate the remainder when 3212 is divided by 212.
32
Calculate the remainder when 18214 is divided by 18214.
0
What is the remainder when 13014 is divided by 73?
20
Calculate the remainder when 645 is divided by 160.
5
Calculate the remainder when 8210 is divided by 14.
6
Calculate the remainder when 18657 is divided by 24.
9
What is the remainder when 5342 is divided by 175?
92
What is the remainder when 18218 is divided by 6070?
8
Calculate the remainder when 5008 is divided by 1565.
313
What is the remainder when 6054 is divided by 93?
9
Calculate the remainder when 1298 is divided by 222.
188
What is the remainder when 53929 is divided by 118?
3
What is the remainder when 259388 is divided by 2075?
13
What is the remainder when 436186 is divided by 3665?
51
What is the remainder when 72872 is divided by 55?
52
What is the remainder when 273923 is divided by 430?
13
What is the remainder when 2826 is divided by 1368?
90
What is the remainder when 1456 is divided by 94?
46
What is the remainder when 16892 is divided by 1906?
1644
Calculate the remainder when 4456 is divided by 4437.
19
Calculate the remainder when 746 is divided by 104.
18
What is the remainder when 69197 is divided by 2559?
104
What is the remainder when 39311 is divided by 21?
20
Calculate the remainder when 1248 is divided by 160.
128
Calculate the remainder when 963 is divided by 51.
45
Calculate the remainder when 8714 is divided by 8535.
179
What is the remainder when 813898 is divided by 56?
50
What is the remainder when 824 is divided by 485?
339
Calculate the remainder when 57899 is divided by 161.
100
Calculate the remainder when 1670 is divided by 98.
4
What is the remainder when 5576 is divided by 790?
46
What is the remainder when 138642 is divided by 274?
272
Calculate the remainder when 250625 is divided by 62647.
37
What is the remainder when 16977 is divided by 3311?
422
Calculate the remainder when 13523 is divided by 81.
77
Calculate the remainder when 163976 is divided by 81832.
312
What is the remainder when 562959 is divided by 65?
59
What is the remainder when 615 is divided by 330?
285
What is the remainder when 116733 is divided by 9?
3
What is the remainder when 289314 is divided by 23?
20
What is the remainder when 785561 is divided by 15?
11
Calculate the remainder when 1086 is divided by 222.
198
What is the remainder when 4362 is divided by 400?
362
Calculate the remainder when 3788 is divided by 1249.
41
What is the remainder when 3371 is divided by 89?
78
Calculate the remainder when 8658 is divided by 24.
18
Calculate the remainder when 1641 is divided by 135.
21
What is the remainder when 3956 is divided by 235?
196
What is the remainder when 5325 is divided by 630?
285
Calculate the remainder when 16196 is divided by 91.
89
What is the remainder when 121884 is divided by 9373?
35
What is the remainder when 12924 is divided by 1173?
21
What is the remainder when 345313 is divided by 172580?
153
Calculate the remainder when 819718 is divided by 14381.
1
What is the remainder when 353774 is divided by 1862?
1856
Calculate the remainder when 8035 is divided by 28.
27
Calculate the remainder when 21573 is divided by 12.
9
What is the remainder when 786749 is divided by 46?
11
Calculate the remainder when 45276 is divided by 2152.
84
Calculate the remainder when 2384 is divided by 486.
440
Calculate the remainder when 3962 is divided by 327.
38
Calculate the remainder when 2661 is divided by 295.
6
Calculate the remainder when 58521 is divided by 1490.
411
What is the remainder when 20065432 is divided by 65?
62
Calculate the remainder whe